{"id":321,"date":"2026-03-28T20:43:35","date_gmt":"2026-03-28T20:43:35","guid":{"rendered":"http:\/\/gigikozmetikadebrecen.hu\/?page_id=321"},"modified":"2026-03-30T19:03:00","modified_gmt":"2026-03-30T19:03:00","slug":"gigi-manual","status":"publish","type":"page","link":"https:\/\/yourtime.hu\/?page_id=321","title":{"rendered":"GIGI manual"},"content":{"rendered":"\n<p>A GIGI egy professzion\u00e1lis izraeli b\u0151r\u00e1pol\u00e1si m\u00e1rka, ami igen er\u0151s dermatol\u00f3giai \u00e9s tudom\u00e1nyos h\u00e1tt\u00e9rrel rendelkezik. K\u00fcl\u00f6nlegess\u00e9ge, hogy tudom\u00e1nyos alapokon, laborat\u00f3riumi kutat\u00e1sokkal fejleszti kozmetikumait. Gyakran gy\u00f3gyszer\u00e9szeti hat\u00f3anyagok felhaszn\u00e1l\u00e1s\u00e1val.                                                                                                                                                      <\/p>\n\n\n\n<p><strong>CARBOXY<\/strong>&nbsp;&nbsp; 1 \u00f3ra 15 perc<\/p>\n\n\n\n<p>Egy speci\u00e1lis g\u00e9l maszk+ aktiv\u00e1l\u00f3 folyad\u00e9k seg\u00edts\u00e9g\u00e9vel SZ\u00c9NDIOXID jut a b\u0151rbe, ami seg\u00edti a b\u0151r oxigeniz\u00e1ci\u00f3j\u00e1t, regener\u00e1ci\u00f3j\u00e1t \u00e9s serkenti a kollag\u00e9n k\u00e9pz\u0151d\u00e9st.<\/p>\n\n\n\n<p>A kezel\u00e9s szint\u00e9n LED ter\u00e1pi\u00e1s maszkkal z\u00e1rul.<\/p>\n\n\n\n<p>-Aj\u00e1nlott: 4 hetente<\/p>\n\n\n\n<p>-B\u0151rt\u00edpus: minden b\u0151r<\/p>\n\n\n\n<p>-Hat\u00e1s: finom r\u00e1ncok halv\u00e1nyod\u00e1sa<\/p>\n\n\n\n<p>&nbsp; &nbsp; &nbsp; &nbsp; &nbsp; &nbsp; &nbsp;&nbsp;egyenletes b\u0151rt\u00f3nus<\/p>\n\n\n\n<p>&nbsp; &nbsp; &nbsp; &nbsp; &nbsp; &nbsp; &nbsp;&nbsp;p\u00f3rusok finomod\u00e1sa<\/p>\n\n\n\n<p>&nbsp; &nbsp; &nbsp; &nbsp; &nbsp; &nbsp; &nbsp;&nbsp;b\u0151rfeszes\u00edt\u00e9s<\/p>\n\n\n\n<p>-Javallat: fak\u00f3,- f\u00e1radt b\u0151r<\/p>\n\n\n\n<p>&nbsp;&nbsp; &nbsp; &nbsp; &nbsp; &nbsp; &nbsp; &nbsp; &nbsp;&nbsp;finom r\u00e1ncok<\/p>\n\n\n\n<p>&nbsp;&nbsp; &nbsp; &nbsp; &nbsp; &nbsp; &nbsp; &nbsp; &nbsp;&nbsp;laza b\u0151rt\u00f3nus<\/p>\n\n\n\n<p>&nbsp;&nbsp; &nbsp; &nbsp; &nbsp; &nbsp; &nbsp; &nbsp; &nbsp;&nbsp;akne, t\u00e1g p\u00f3rus<\/p>\n\n\n\n<p>-Ellenjavallat: s\u00falyos b\u0151rprobl\u00e9m\u00e1k<\/p>\n\n\n\n<p>&nbsp; &nbsp; &nbsp; &nbsp; &nbsp; &nbsp; &nbsp; &nbsp; &nbsp; &nbsp; &nbsp; &nbsp;&nbsp;akt\u00edv gyullad\u00e1s, herpesz<\/p>\n\n\n\n<p><strong>TEXTURE<\/strong>&nbsp;&nbsp;&nbsp; 1 \u00f3ra<\/p>\n\n\n\n<p>Ez egy t\u00f6bb l\u00e9p\u00e9sb\u0151l \u00e1ll\u00f3 Anti-aging \u00e9s b\u0151rmin\u0151s\u00e9g jav\u00edt\u00f3 kezel\u00e9s. Melynek sor\u00e1n enyhe savakat, enzimeket \u00e9s egy szabadalmaztatott sz\u00f6vet penetr\u00e1ci\u00f3s komplexet \/TEXTURE TPC5\/ haszn\u00e1lunk a b\u0151r text\u00far\u00e1j\u00e1nak jav\u00edt\u00e1s\u00e1ra, feszes\u00edt\u00e9s\u00e9re. Kombin\u00e1lva egy m\u00e9lyr\u00e9tegi anyagcsere fokoz\u00f3 massz\u00e1zzsal.<\/p>\n\n\n\n<p>-Aj\u00e1nlott: 2-4 hetente<\/p>\n\n\n\n<p>-B\u0151rt\u00edpus: minden b\u0151r<\/p>\n\n\n\n<p>-Hat\u00e1s: sim\u00e1bb, feszesebb b\u0151r<\/p>\n\n\n\n<p>&nbsp; &nbsp; &nbsp; &nbsp; &nbsp; &nbsp; &nbsp;&nbsp;finom r\u00e1ncok halv\u00e1ny\u00edt\u00e1sa<\/p>\n\n\n\n<p>&nbsp; &nbsp; &nbsp; &nbsp; &nbsp; &nbsp; &nbsp;&nbsp;b\u0151r text\u00fara javul<\/p>\n\n\n\n<p>&nbsp; &nbsp; &nbsp; &nbsp; &nbsp; &nbsp; &nbsp;&nbsp;Meger\u0151s\u00f6dik a b\u0151r mikrobiomja(v\u00e9d\u0151r\u00e9tege)<\/p>\n\n\n\n<p>-Javallat: finom r\u00e1ncok, laza b\u0151r<\/p>\n\n\n\n<p>&nbsp;&nbsp; &nbsp; &nbsp; &nbsp; &nbsp; &nbsp; &nbsp; &nbsp;&nbsp;sz\u00e1raz, dehidrat\u00e1lt b\u0151r<\/p>\n\n\n\n<p>&nbsp;&nbsp; &nbsp; &nbsp; &nbsp; &nbsp; &nbsp; &nbsp; &nbsp;&nbsp;szem k\u00f6rny\u00e9ki probl\u00e9m\u00e1k<\/p>\n\n\n\n<p>&nbsp;&nbsp; &nbsp; &nbsp; &nbsp; &nbsp; &nbsp; &nbsp; &nbsp;&nbsp;nyak \u00e9s dekolt\u00e1zs feszes\u00edt\u00e9s<\/p>\n\n\n\n<p>&nbsp;&nbsp; &nbsp; &nbsp; &nbsp; &nbsp; &nbsp; &nbsp; &nbsp;&nbsp;\u00e9rz\u00e9keny, rosace\u00e1s b\u0151r<\/p>\n\n\n\n<p>-Ellenjavallat: akt\u00edv b\u0151rgyullad\u00e1s<\/p>\n\n\n\n<p>&nbsp; &nbsp; &nbsp; &nbsp; &nbsp; &nbsp; &nbsp; &nbsp; &nbsp; &nbsp; &nbsp; &nbsp;&nbsp;herpesz<\/p>\n\n\n\n<p><strong>MASZKOK<\/strong>&nbsp; 40 perc<\/p>\n\n\n\n<p>Ezt a savakra \u00e9s sz\u00e9rumokra \u00e9p\u00fcl\u0151 gyors, arcfriss\u00edt\u0151&nbsp;&nbsp;alga maszkos kezel\u00e9st azoknak aj\u00e1nlom, akik<\/p>\n\n\n\n<p>kev\u00e9s id\u0151vel rendelkeznek, de friss, \u00fcde b\u0151rre v\u00e1gynak.<\/p>\n\n\n\n<p>&nbsp;-Aj\u00e1nlott: hetente<\/p>\n\n\n\n<p>-B\u0151rt\u00edpus: minden<\/p>\n\n\n\n<p>-Hat\u00e1s: hidrat\u00e1lts\u00e1g fokoz\u00e1s<\/p>\n\n\n\n<p>&nbsp; &nbsp; &nbsp; &nbsp; &nbsp; &nbsp; &nbsp;&nbsp;b\u0151rfelsz\u00edn egyenletes\u00edt\u00e9s<\/p>\n\n\n\n<p>&nbsp; &nbsp; &nbsp; &nbsp; &nbsp; &nbsp; &nbsp;&nbsp;gyullad\u00e1s cs\u00f6kkent\u00e9s<\/p>\n\n\n\n<p>-Javallat: f\u00e1radt, fak\u00f3 b\u0151r<\/p>\n\n\n\n<p>&nbsp;&nbsp; &nbsp; &nbsp; &nbsp; &nbsp; &nbsp; &nbsp; &nbsp;&nbsp;sz\u00e1raz b\u0151r<\/p>\n\n\n\n<p>&nbsp;&nbsp; &nbsp; &nbsp; &nbsp; &nbsp; &nbsp; &nbsp; &nbsp;&nbsp;rosacea<\/p>\n\n\n\n<p>&nbsp;&nbsp; &nbsp; &nbsp; &nbsp; &nbsp; &nbsp; &nbsp; &nbsp;&nbsp;szarkal\u00e1bak<\/p>\n\n\n\n<p>-Ellenjavallat: akt\u00edv b\u0151rgyullad\u00e1s<\/p>\n\n\n\n<p>&nbsp;&nbsp; &nbsp; &nbsp; &nbsp; &nbsp; &nbsp; &nbsp; &nbsp; &nbsp; &nbsp; &nbsp; &nbsp;&nbsp;herpesz<\/p>\n","protected":false},"excerpt":{"rendered":"<p>A GIGI egy professzion\u00e1lis izraeli b\u0151r\u00e1pol\u00e1si m\u00e1rka, ami igen er\u0151s dermatol\u00f3giai \u00e9s tudom\u00e1nyos h\u00e1tt\u00e9rrel rendelkezik. K\u00fcl\u00f6nlegess\u00e9ge, hogy tudom\u00e1nyos alapokon, laborat\u00f3riumi kutat\u00e1sokkal fejleszti kozmetikumait. Gyakran gy\u00f3gyszer\u00e9szeti hat\u00f3anyagok felhaszn\u00e1l\u00e1s\u00e1val. CARBOXY&nbsp;&nbsp; 1 \u00f3ra&hellip;<\/p>\n","protected":false},"author":1,"featured_media":0,"parent":0,"menu_order":0,"comment_status":"closed","ping_status":"closed","template":"","meta":{"footnotes":""},"class_list":["post-321","page","type-page","status-publish","hentry"],"jetpack_sharing_enabled":true,"_links":{"self":[{"href":"https:\/\/yourtime.hu\/index.php?rest_route=\/wp\/v2\/pages\/321","targetHints":{"allow":["GET"]}}],"collection":[{"href":"https:\/\/yourtime.hu\/index.php?rest_route=\/wp\/v2\/pages"}],"about":[{"href":"https:\/\/yourtime.hu\/index.php?rest_route=\/wp\/v2\/types\/page"}],"author":[{"embeddable":true,"href":"https:\/\/yourtime.hu\/index.php?rest_route=\/wp\/v2\/users\/1"}],"replies":[{"embeddable":true,"href":"https:\/\/yourtime.hu\/index.php?rest_route=%2Fwp%2Fv2%2Fcomments&post=321"}],"version-history":[{"count":4,"href":"https:\/\/yourtime.hu\/index.php?rest_route=\/wp\/v2\/pages\/321\/revisions"}],"predecessor-version":[{"id":405,"href":"https:\/\/yourtime.hu\/index.php?rest_route=\/wp\/v2\/pages\/321\/revisions\/405"}],"wp:attachment":[{"href":"https:\/\/yourtime.hu\/index.php?rest_route=%2Fwp%2Fv2%2Fmedia&parent=321"}],"curies":[{"name":"wp","href":"https:\/\/api.w.org\/{rel}","templated":true}]}}