{"id":319,"date":"2026-03-28T20:43:35","date_gmt":"2026-03-28T20:43:35","guid":{"rendered":"http:\/\/gigikozmetikadebrecen.hu\/?page_id=319"},"modified":"2026-03-28T22:06:22","modified_gmt":"2026-03-28T22:06:22","slug":"hidro-beauty","status":"publish","type":"page","link":"https:\/\/yourtime.hu\/?page_id=319","title":{"rendered":"Hydra beauty"},"content":{"rendered":"\n<p>A HYDRA BEAUTY g\u00e9p egy olyan\u00a0\u00a0modern , t\u00f6bb\u00a0\u00a0funkci\u00f3s\u00a0\u00a0hidrodermabr\u00e1zi\u00f3s , v\u00e1kuumos tiszt\u00edt\u00f3\u00a0\u00a0arckezel\u0151 k\u00e9sz\u00fcl\u00e9k, amellyel\u00a0\u00a0b\u0151rtiszt\u00edt\u00e1s, hidrat\u00e1l\u00e1s \u00e9s b\u0151rmeg\u00faj\u00edt\u00e1s v\u00e9gezhet\u0151.<\/p>\n\n\n\n<p><strong>OXY RELAX<\/strong>&nbsp;&nbsp;&nbsp;&nbsp;&nbsp;&nbsp;&nbsp;&nbsp;&nbsp; 1 \u00f3ra 30 perc<\/p>\n\n\n\n<p>Egy speci\u00e1lis ultrahangos fej \u00e9s hat\u00f3anyagos v\u00edzpermet seg\u00edts\u00e9g\u00e9vel t\u00e1vol\u00edtjuk el a az elhalt h\u00e1msejteket,m\u00e1r ebben a f\u00e1zisban egy extra hidrat\u00e1l\u00e1st \u00e9r\u00fcnk el, amit egy hat\u00f3anyagos oxyg\u00e9n spay-vel fokozunk. Ezt k\u00f6veti az extra feszes\u00edt\u0151 hat\u00f3anyagok bejuttat\u00e1sa a b\u0151rbe k\u00fcl\u00f6nb\u00f6z\u0151 elj\u00e1r\u00e1sokkal, majd v\u00e9gezet\u00fcl LED ter\u00e1pia speci\u00e1lis maszkkal.<\/p>\n\n\n\n<p>-Aj\u00e1nlott kezel\u00e9s: 2-4 hetente<\/p>\n\n\n\n<p>-B\u0151rt\u00edpus: minden b\u0151r<\/p>\n\n\n\n<p>-Hat\u00e1sai:<\/p>\n\n\n\n<p>&nbsp; &nbsp; &nbsp; &nbsp; &nbsp; &nbsp; &nbsp; &nbsp; &nbsp;&nbsp;Sejtszint\u0171 regener\u00e1ci\u00f3<\/p>\n\n\n\n<p>&nbsp; &nbsp; &nbsp; &nbsp; &nbsp; &nbsp; &nbsp; &nbsp; &nbsp;&nbsp;Feszesebb, \u00fcd\u00e9bb b\u0151r<\/p>\n\n\n\n<p>&nbsp; &nbsp; &nbsp; &nbsp; &nbsp; &nbsp; &nbsp; &nbsp; &nbsp;&nbsp;R\u00e1ncok halv\u00e1ny\u00edt\u00e1sa, feszes\u00edt\u00e9s<\/p>\n\n\n\n<p>-Javallat: dehidrat\u00e1lt, sz\u00e1raz b\u0151r<\/p>\n\n\n\n<p>&nbsp; &nbsp; &nbsp; &nbsp; &nbsp; &nbsp; &nbsp; &nbsp; &nbsp;&nbsp;fak\u00f3 b\u0151r<\/p>\n\n\n\n<p>&nbsp; &nbsp; &nbsp; &nbsp; &nbsp; &nbsp; &nbsp; &nbsp; &nbsp;&nbsp;finom vonalak<\/p>\n\n\n\n<p>&nbsp; &nbsp; &nbsp; &nbsp; &nbsp; &nbsp; &nbsp; &nbsp; &nbsp;&nbsp;t\u00f3nus\u00e1t vesztett b\u0151r<\/p>\n\n\n\n<p>-Ellenjavallat:<\/p>\n\n\n\n<p>&nbsp;&nbsp; &nbsp; &nbsp; &nbsp; &nbsp; &nbsp; &nbsp; &nbsp; &nbsp; &nbsp; &nbsp; &nbsp;&nbsp;Fert\u0151z\u00f6tt b\u0151relv\u00e1ltoz\u00e1s<\/p>\n\n\n\n<p>&nbsp;&nbsp; &nbsp; &nbsp; &nbsp; &nbsp; &nbsp; &nbsp; &nbsp; &nbsp; &nbsp; &nbsp; &nbsp;&nbsp;Akt\u00edv b\u0151rgyullad\u00e1s, herpesz<\/p>\n\n\n\n<p><strong>OXY EXPRESS&nbsp;&nbsp;&nbsp;&nbsp;&nbsp; <\/strong>50 perc<\/p>\n\n\n\n<p>A kev\u00e9s id\u0151vel rendelkez\u0151 vend\u00e9gek ide\u00e1lis&nbsp;&nbsp;g\u00e9pi kezel\u00e9se.<\/p>\n\n\n\n<p>Egy hidrabr\u00e1zi\u00f3t \u00e9s oxysprayt k\u00f6vet\u0151en ultrahang vagy vasal\u00f3 seg\u00edts\u00e9g\u00e9vel visz\u00fcnk be hat\u00f3anyagot a b\u0151rbe.<\/p>\n\n\n\n<p>Amit egy hidegter\u00e1pi\u00e1s vasal\u00e1ssal fejez\u00fcnk be.<\/p>\n\n\n\n<p>-Aj\u00e1nlott kezel\u00e9s : 2 hetente<\/p>\n\n\n\n<p>-B\u0151rt\u00edpus: minden b\u0151r<\/p>\n\n\n\n<p>-Hat\u00e1sai: hidrat\u00e1l\u00e1s<\/p>\n\n\n\n<p>&nbsp;&nbsp; &nbsp; &nbsp; &nbsp; &nbsp; &nbsp; &nbsp; &nbsp;&nbsp;halv\u00e1ny r\u00e1ncok t\u00f6lt\u00e9se<\/p>\n\n\n\n<p>&nbsp;&nbsp; &nbsp; &nbsp; &nbsp; &nbsp; &nbsp; &nbsp; &nbsp;&nbsp;feszes\u00edt\u00e9s<\/p>\n\n\n\n<p>-Javallat:dehidrat\u00e1lt , sz\u00e1raz<\/p>\n\n\n\n<p>&nbsp; &nbsp; &nbsp; &nbsp; &nbsp; &nbsp; &nbsp; &nbsp;&nbsp;fak\u00f3 b\u0151r<\/p>\n\n\n\n<p>&nbsp; &nbsp; &nbsp; &nbsp; &nbsp; &nbsp; &nbsp; &nbsp;&nbsp;finom vonalak<\/p>\n\n\n\n<p>-Ellenjavallat: fert\u0151z\u00f6tt b\u0151relv\u00e1ltoz\u00e1s<\/p>\n\n\n\n<p>&nbsp;&nbsp; &nbsp; &nbsp; &nbsp; &nbsp; &nbsp; &nbsp; &nbsp; &nbsp; &nbsp; &nbsp; &nbsp;&nbsp;akt\u00edv gyullad\u00e1s, herpesz<\/p>\n","protected":false},"excerpt":{"rendered":"<p>A HYDRA BEAUTY g\u00e9p egy olyan\u00a0\u00a0modern , t\u00f6bb\u00a0\u00a0funkci\u00f3s\u00a0\u00a0hidrodermabr\u00e1zi\u00f3s , v\u00e1kuumos tiszt\u00edt\u00f3\u00a0\u00a0arckezel\u0151 k\u00e9sz\u00fcl\u00e9k, amellyel\u00a0\u00a0b\u0151rtiszt\u00edt\u00e1s, hidrat\u00e1l\u00e1s \u00e9s b\u0151rmeg\u00faj\u00edt\u00e1s v\u00e9gezhet\u0151. OXY RELAX&nbsp;&nbsp;&nbsp;&nbsp;&nbsp;&nbsp;&nbsp;&nbsp;&nbsp; 1 \u00f3ra 30 perc Egy speci\u00e1lis ultrahangos fej \u00e9s hat\u00f3anyagos v\u00edzpermet&hellip;<\/p>\n","protected":false},"author":1,"featured_media":0,"parent":0,"menu_order":0,"comment_status":"closed","ping_status":"closed","template":"","meta":{"footnotes":""},"class_list":["post-319","page","type-page","status-publish","hentry"],"jetpack_sharing_enabled":true,"_links":{"self":[{"href":"https:\/\/yourtime.hu\/index.php?rest_route=\/wp\/v2\/pages\/319","targetHints":{"allow":["GET"]}}],"collection":[{"href":"https:\/\/yourtime.hu\/index.php?rest_route=\/wp\/v2\/pages"}],"about":[{"href":"https:\/\/yourtime.hu\/index.php?rest_route=\/wp\/v2\/types\/page"}],"author":[{"embeddable":true,"href":"https:\/\/yourtime.hu\/index.php?rest_route=\/wp\/v2\/users\/1"}],"replies":[{"embeddable":true,"href":"https:\/\/yourtime.hu\/index.php?rest_route=%2Fwp%2Fv2%2Fcomments&post=319"}],"version-history":[{"count":4,"href":"https:\/\/yourtime.hu\/index.php?rest_route=\/wp\/v2\/pages\/319\/revisions"}],"predecessor-version":[{"id":376,"href":"https:\/\/yourtime.hu\/index.php?rest_route=\/wp\/v2\/pages\/319\/revisions\/376"}],"wp:attachment":[{"href":"https:\/\/yourtime.hu\/index.php?rest_route=%2Fwp%2Fv2%2Fmedia&parent=319"}],"curies":[{"name":"wp","href":"https:\/\/api.w.org\/{rel}","templated":true}]}}